39 + -3. What is the greatest common factor of f and a?
36
Let c be (-20)/2*294/4*(-90)/54. Calculate the greatest common divisor of c and 25.
25
Let b be 1/(-3)*(-6)/(-4)*-4. Let r = -1024 - -1037. Calculate the greatest common factor of b and r.
1
Suppose -5*d - 465 = -0*d. Let r = -56 - d. Suppose -r*t + 35*t = -24. Calculate the greatest common factor of 4 and t.
4
Let m(f) = -19*f + 1549. Let l be m(70). What is the highest common factor of l and 292?
73
Let i = -1938 - -1945. Calculate the greatest common divisor of i and 21.
7
Let u be -4*78/24*-13. Let h be 42/5 - 22/55. Suppose -h*v + 2*w = -4*v - 62, 49 = 3*v - 2*w. What is the highest common divisor of v and u?
13
Let a be ((-13)/4)/((-63)/2772). Suppose a*m - 138*m = 200. Let l be (-5 - -2) + 165 + -2. Calculate the highest common factor of m and l.
40
Let k be -2 + -1 + (-4 - -20). Let z(g) = -g**3 + 11*g**2 + 26*g + 6. Let i be z(k). Let o = -5 + 13. Calculate the greatest common factor of o and i.
2
Let m = 11785 + -11656. Calculate the highest common factor of 69 and m.
3
Let o be 2/2 + (-77)/(-7). Suppose -39 = -2*m - 5. Suppose -4*y - 26 = -m*y. What is the greatest common divisor of y and o?
2
Let z(n) = 6*n**2 - 39*n + 335. Let o be z(12). What is the highest common factor of o and 387?
43
Let l = 6446 + -5854. Calculate the greatest common factor of 2 and l.
2
Suppose -v + 278 = p, -p + 5*p - 275 = -v. Let b(y) = -26*y - 16. Let w be b(-3). What is the greatest common factor of v and w?
31
Let h be ((-4)/12 + 0)*(71460/(-4) + -12). Calculate the highest common divisor of 59 and h.
59
Suppose a + y - 3 = 9, a - 27 = 4*y. Let i(k) = 4*k**2 - 39*k - 3. Let w be i(12). What is the highest common factor of w and a?
15
Let p be ((-32)/(-6))/(8/12). Let t be (3 - 6)*(-4)/(-6). Let a be -2 + (-288)/(-28) + t/7. What is the highest common factor of a and p?
8
Suppose -2*o + 564 = -5*f, 3*f - 6*f = -5*o + 1429. Let g(u) = u**2 - 111*u + 1834. Let p be g(91). What is the highest common divisor of o and p?
7
Let x(m) = -52*m + 901. Let j be x(18). Let a(w) = -w**2 + 7. Let o be a(0). Let f = o - j. Calculate the highest common divisor of 28 and f.
14
Suppose 88*r - 45*r = 42*r + 110. Suppose 3*c + 4*a - 72 = -c, -2*a = 5*c - 102. Calculate the greatest common divisor of r and c.
22
Suppose 5*z - 179 = -5*i + 286, -3*z = 4*i - 281. Let x = 12 - 16. Let b be 14 - (x + 7)/3. Calculate the highest common divisor of z and b.
13
Let z(t) = -t**2 - 9*t + 9. Let x be z(4). Let d(f) = 4*f + 256. Let l be d(x). What is the highest common divisor of l and 294?
42
Let b(l) = 11*l**3 - 48*l**2 - 30*l + 90. Let c be b(12). Calculate the greatest common divisor of 81 and c.
81
Suppose 451*o - 2091 = 448*o. Let q = -264 - -281. Calculate the greatest common factor of q and o.
17
Let g = -9 - -30. Let n = g - 19. Let a be 60*(0 + 1/n*2). What is the greatest common divisor of 12 and a?
12
Let g be (-3)/(-21) + 3244/28. Let u = -111 + g. Suppose -2266 = -u*m - 691. Calculate the highest common divisor of m and 35.
35
Let n(b) = 3*b**2 - 160*b - 59. Let d be n(55). Calculate the highest common divisor of 120 and d.
24
Suppose -r + 5*y = -401, 0 = -4*r + 41*y - 37*y + 1572. Suppose -409 = -3*j - r. Calculate the highest common divisor of 18 and j.
6
Suppose 1 = -m, -3*i - m = -6*m - 77. Let g be (-3)/i - 804/(-32). What is the greatest common factor of g and 200?
25
Let u be (5478/(-132))/(1/(-242)). Calculate the highest common divisor of 121 and u.
121
Let o = 313 - 373. Let q be o/36*3*-11. Calculate the highest common divisor of q and 5.
5
Suppose 0 = -4*t - 9 - 499. Let b = -93 - t. Let r be (-21)/(-9) - (-8)/(-24). Calculate the greatest common divisor of b and r.
2
Suppose 29*h + 36 = 32*h. Let d be 1/3*4*1611/h. Suppose 5*m + 2*p = d, -2*p + 2 = -2. What is the greatest common factor of m and 14?
7
Let u(j) = -4*j + 44. Suppose -4*x = -14 - 18. Let a be u(x). What is the greatest common factor of a and 96?
12
Suppose 6415 = 12*v + 71*v - 640. What is the highest common divisor of 185 and v?
5
Let o = 3897 - 3785. What is the highest common factor of o and 252?
28
Suppose -1525*r = -1530*r + 2*h + 40, 4*r + 2*h - 32 = 0. Calculate the highest common factor of 1388 and r.
4
Let j(n) = 3*n**2 - 9. Suppose -24*z = -144 + 48. Let i be j(z). Let l be 4/3*(-39)/(-2). What is the greatest common divisor of l and i?
13
Let v be (-5)/2*(6/(-15) - 0). Let o be 72*5/10*-1. Let g be 306/o*(0 - 8/v). What is the greatest common factor of 102 and g?
34
Suppose 14*q = -844 - 7052. Let z = q - -596. Suppose 0 = 3*a - 0 - 3, -3*r + 772 = 4*a. What is the highest common divisor of z and r?
32
Let h = -24 + 12. Let y(n) = -5*n - 41. Let t be y(h). Suppose -t*g - 52 = -23*g. Calculate the highest common divisor of 52 and g.
13
Let p(n) = 10*n**2 + 2*n + 3. Let f be p(-1). Let g = 30 + -135. Let m be g/(-5) + (0 - -1). Calculate the highest common factor of m and f.
11
Let w be 50/(4*16/2720). Calculate the greatest common factor of w and 51.
17
Let m be (7/(-2) + 1)*-2. Let d(w) = -w**3 + 32*w**2 + 34*w - 32. Suppose 102*q + 198 = 108*q. Let u be d(q). What is the highest common divisor of u and m?
1
Let n(o) = 2*o**2 - 38*o + 385. Let v be n(14). What is the greatest common factor of 1274 and v?
49
Let k(h) = 12*h - 8*h + 23*h - 11. Let y be k(-14). Let d = y + 649. Calculate the highest common factor of 26 and d.
26
Let c = 69 + -64. Suppose 5*s + c*o - 135 = 3*o, -4*s + 80 = -4*o. Suppose s*t = 26*t - 28. Calculate the greatest common divisor of 28 and t.
28
Let l = -1127 + 1166. Calculate the highest common divisor of 247 and l.
13
Suppose -43*a + 44*a + s - 875 = 0, 5*s = 5*a - 4365. Let h = 652 + -606. What is the highest common divisor of h and a?
46
Let w be (-21)/(-14) - 87/(-6). Suppose -9*m + 1400 = -14*m. Let l be (-6)/(-5)*m/(-3). What is the greatest common factor of w and l?
16
Suppose 5*l + 18395 = -599*h + 604*h, h + l = 3669. Calculate the greatest common divisor of h and 11.
11
Suppose 5*h - 50 = -5*m, -5*m - 24 = -h - 80. Calculate the highest common factor of m and 583.
11
Suppose 15*q + 29870 - 163460 = 0. Calculate the greatest common factor of q and 122.
122
Let z be (-3 + (7 - 2))/(4/244). Suppose -7*u + 5*u - 2 = 0, -3*j + 2*u = -z. What is the greatest common divisor of 280 and j?
40
Let b be 952/68*315/6. Calculate the highest common factor of b and 8673.
147
Let h be 44/132 - (-2)/(-6). Suppose 9*l - 129 + 12 = h. Calculate the highest common divisor of 65 and l.
13
Suppose 2840 = -55*a + 60*a. Calculate the highest common divisor of a and 24.
8
Let b be 2/(-2 + 1)*-21. Let o be 8/20*5/(-1). Let z(n) = 4*n**2 - 4*n - 10. Let y be z(o). Calculate the highest common factor of y and b.
14
Let w(c) = 15*c**3 - 2*c**2 + 8*c - 2. Let g be w(3). Suppose -2000 = g*j - 414*j. What is the greatest common factor of j and 32?
16
Suppose 3*a + 2*u - 187 = 0, -4*a + 2*u + 88 + 166 = 0. What is the highest common factor of a and 14?
7
Let r(n) = 2*n**2 + 5*n + 5. Let w be r(-4). Let m(x) = -x + 9. Let c be m(6). Suppose c*f - 70 + 19 = 0. What is the greatest common factor of f and w?
17
Let l = -586 - -1594. Calculate the greatest common divisor of l and 120.
24
Let u = -751 - -2713. What is the highest common divisor of 27 and u?
9
Let k(a) = -42*a - 252. Let o be k(-10). Calculate the highest common factor of 3472 and o.
56
Suppose -r - 7 = 0, 139*i - 137*i - 3*r = 693. What is the greatest common divisor of i and 3960?
24
Let l be -1 - 1 - (5 - 2). Let j(i) = i - 6 + 2*i**2 + 10*i + 16 - 2. Let w be j(l). What is the highest common factor of 27 and w?
3
Let l be 49/((-2450)/(-2260)) - (9/(-5) - -3). Suppose 0 = -5*h + 4*b + 118, -2*h = -7*h - 3*b + 104. Calculate the greatest common factor of h and l.
22
Suppose 0 = -11*s - 58*s + 7866. Let y be 2*-2*(-2)/(-4). Let g be (y/(-4))/(1/38). What is the greatest common factor of g and s?
19
Suppose 2 = 3*f - 7. Suppose -315 = -f*g - 2*g. Suppose -17*d = -0*d - 179 - 178. What is the highest common factor of g and d?
21
Let j(r) = r. Let o be j(3). Suppose 0 = -l - 2*l + o. Suppose 3*c - 35 = -3*b - 26, 0 = -2*c - 3*b + 6. What is the highest common factor of c and l?
1
Let v = -4253 + 4378. What is the highest common factor of v and 40?
5
Suppose 30